
{"id":107,"date":"2017-04-24T10:01:48","date_gmt":"2017-04-24T10:01:48","guid":{"rendered":"http:\/\/oprechtice2.knihovna.info\/?page_id=107"},"modified":"2021-03-09T14:45:13","modified_gmt":"2021-03-09T14:45:13","slug":"region","status":"publish","type":"page","link":"https:\/\/oprechtice.knihovna.info\/?page_id=107","title":{"rendered":"Region"},"content":{"rendered":"<div id=\"layout_type\" class=\"yjsgsitew\">\n<div id=\"centerbottom\" class=\"centered yjsgsitew\">\n<div id=\"holder\" class=\"holders\">\n<div id=\"midblock\" class=\"sidebars sidebar-main\">\n<div class=\"inside-container\">\n<div class=\"yjsgarticle\">\n<h1 class=\"article_title\"><a class=\"contentpagetitle\" href=\"http:\/\/www.knihovna-paskov.cz\/region\">Region <\/a><\/h1>\n<div class=\"newsitem_text\">\n<p><a href=\"http:\/\/www.knihovna-vratimov.cz\/\"> M\u011bstsk\u00e1 knihovna VRATIMOV<\/a> vykon\u00e1v\u00e1 region\u00e1ln\u00ed funkce knihovn\u00e1m obc\u00ed <a href=\"http:\/\/www.slezskabrana.cz\/index.php\">Regionu Slezsk\u00e1 br\u00e1na<\/a>. Region\u00e1ln\u00ed funkce zahrnuj\u00ed poradensk\u00e9 a koordina\u010dn\u00ed slu\u017eby, budov\u00e1n\u00ed v\u00fdm\u011bnn\u00fdch soubor\u016f knihovn\u00edch dokument\u016f a vykon\u00e1vaj\u00ed nezbytn\u00e9 \u010dinnosti napom\u00e1haj\u00edc\u00ed rozvoji knihoven.<\/p>\n<p>Program podpory zaji\u0161t\u011bn\u00ed v\u00fdkonu region\u00e1ln\u00edch funkc\u00ed byl schv\u00e1len usnesen\u00edm vl\u00e1dy \u010d.68 ze dne 16.1. 2002. V souladu s kulturn\u00ed politikou vl\u00e1dy \u010cesk\u00e9 republiky je z\u00e1kladn\u00edm c\u00edlem programu zaji\u0161t\u011bn\u00ed v\u0161eobecn\u00e9 dostupnosti ve\u0159ejn\u00fdch knihovnick\u00fdch a informa\u010dn\u00edch slu\u017eeb ob\u010dan\u016fm a podpora \u00fa\u010deln\u00e9 d\u011blby pr\u00e1ce a koordinace odborn\u00fdch \u010dinnost\u00ed knihoven. Program vych\u00e1z\u00ed z koncepce z\u00e1kona \u010d. 257\/2001 Sb., o knihovn\u00e1ch a podm\u00ednk\u00e1ch provozov\u00e1n\u00ed ve\u0159ejn\u00fdch knihovnick\u00fdch a informa\u010dn\u00edch slu\u017eeb (<a href=\"http:\/\/knihovnam.nkp.cz\/sekce.php3?page=03_Leg\/01_LegPod\/01_index.htm#knihz\">knihovn\u00ed z\u00e1kon<\/a>).<\/p>\n<p>V\u00fdkon region\u00e1ln\u00edch funkc\u00ed se op\u00edr\u00e1 o z\u00e1kladn\u00ed dokument Z\u00e1sady zaji\u0161t\u011bn\u00ed v\u00fdkonu region\u00e1ln\u00edch funkc\u00ed v <a href=\"http:\/\/www.msk.cz\/cz\/kultura\/regionalni-funkce-knihoven-42024\/\">Moravskoslezsk\u00e9m kraji<\/a>, kam p\u0159e\u0161lo v roce 2005 jejich financov\u00e1n\u00ed.<\/p>\n<p>Pov\u011b\u0159en\u00e1 knihovna uzav\u00edr\u00e1 ka\u017edoro\u010dn\u011b s <a href=\"http:\/\/www.svkos.cz\/\">Moravskoslezskou v\u011bdeckou knihovnou v Ostrav\u011b, p\u0159\u00edsp\u011bvkovou organizac\u00ed<\/a>, \u201eSmlouvu o p\u0159enesen\u00ed region\u00e1ln\u00edch funkc\u00ed z krajsk\u00e9 knihovny na pov\u011b\u0159enou knihovnu\u201c a dal\u0161\u00ed smlouvu uzav\u00edr\u00e1 s Moravskoslezsk\u00fdm krajem, a to \u201eSmlouvu o poskytnut\u00ed dotace z rozpo\u010dtu kraje na v\u00fdkon region\u00e1ln\u00edch funkc\u00ed.<\/p>\n<p><strong>Slu\u017eby, kter\u00e9 na\u0161e pov\u011b\u0159en\u00e1 knihovna zaji\u0161\u0165uje v r\u00e1mci v\u00fdkonu RF pro z\u00e1kladn\u00ed knihovny:<\/strong><\/p>\n<ul>\n<li>poradensk\u00e1 a konzulta\u010dn\u00ed \u010dinnost<\/li>\n<li>vzd\u011bl\u00e1v\u00e1n\u00ed zam\u011bstnanc\u016f, po\u0159\u00e1d\u00e1n\u00ed semin\u00e1\u0159\u016f<\/li>\n<li>tvorba, distribuce a ob\u011bh v\u00fdm\u011bnn\u00fdch soubor\u016f (p\u0159ehled o v\u00fdm\u011bnn\u00e9m KF je v <a title=\"Online katalog st\u0159edisko Vratimov\" href=\"http:\/\/strediskovratimov.knihovny.net\/katalog\/baze.htm\" target=\"_blank\" rel=\"noopener\">ON-LINE katalogu<\/a>)<\/li>\n<\/ul>\n<ul>\n<li>pomoc p\u0159i revizi a aktualizaci KF<\/li>\n<li>shroma\u017e\u010fov\u00e1n\u00ed a evidence statistick\u00fdch \u00fadaj\u016f<\/li>\n<li>zaji\u0161t\u011bn\u00ed servisn\u00edch slu\u017eeb AKS (pouze v \u010d\u00e1stech, kter\u00e9 jsou vyu\u017e\u00edv\u00e1ny k pln\u011bn\u00ed region\u00e1ln\u00edch funkc\u00ed v z\u00e1kladn\u00edch knihovn\u00e1ch.<\/li>\n<\/ul>\n<p><strong>V r\u00e1mci na\u0161eho regionu tyto slu\u017eby vyu\u017e\u00edvaj\u00ed:<\/strong><\/p>\n<p>&nbsp;<\/p>\n<p>Profesion\u00e1ln\u00ed knihovny:<\/p>\n<p><a title=\"MEK VRATIMOV\" href=\"http:\/\/www.knihovna-vratimov.cz\/\" target=\"_blank\" rel=\"noopener\">M\u011bstsk\u00e1 knihovna VRATIMOV<\/a><\/p>\n<p><a href=\"http:\/\/www.knihovna-paskov.cz\/\">M\u00edstn\u00ed knihovna PASKOV<\/a><\/p>\n<p><a title=\"MK \u0158EPI\u0160T\u011a\" href=\"http:\/\/www.knihovna-repiste.cz\/\" target=\"_blank\" rel=\"noopener\">M\u00edstn\u00ed knihovna \u0158EPI\u0160T\u011a<\/a><\/p>\n<p><a title=\"MK \u017dabe\u0148\" href=\"http:\/\/www.knihovna-zaben.cz\/\" target=\"_blank\" rel=\"noopener\">M\u00edstn\u00ed knihovna \u017dABE\u0147<\/a><\/p>\n<p>&nbsp;<\/p>\n<p><a title=\"Knihovna Horn\u00ed Datyn\u011b\" href=\"http:\/\/www.hornidatyne.knihovna.info\/\" target=\"_blank\" rel=\"noopener\">M\u00edstn\u00ed knihovna HORN\u00cd DATYN\u011a<\/a><\/p>\n<p><a title=\"Knihovna Oprechtice\" href=\"http:\/\/www.oprechtice.knihovna.info\/\" target=\"_blank\" rel=\"noopener\">M\u00edstn\u00ed knihovna OPRECHTICE<\/a><\/p>\n<p><strong>Legislativa a odkazy k problematice region\u00e1ln\u00edch funkc\u00ed:<\/strong><\/p>\n<p><a title=\"N\u00e1rodn\u00ed knihovna \u010cR\" href=\"http:\/\/knihovnam.nkp.cz\/sekce.php3?page=10_RegFceRozc.htm\" target=\"_blank\" rel=\"noopener\">N\u00e1rodn\u00ed knihovna \u010cR <\/a><\/p>\n<p><a title=\"Moravskoslezsk\u00e1 v\u011bdeck\u00e1 knihovna Ostrava\" href=\"http:\/\/www.svkos.cz\/\" target=\"_blank\" rel=\"noopener\"> Moravskoslezsk\u00e1 v\u011bdeck\u00e1 knihovna v Ostrav\u011b, p\u0159\u00edsp\u011bvkov\u00e1 organizace<\/a><\/p>\n<p><a href=\"http:\/\/www.msk.cz\/cz\/kultura\/regionalni-funkce-knihoven-42024\/\">Region\u00e1ln\u00ed fondy jsou financov\u00e1ny z rozpo\u010dtu Moravskoslezsk\u00e9ho kraje<\/a><\/p>\n<\/div>\n<\/div>\n<\/div>\n<\/div>\n<\/div>\n<\/div>\n<\/div>\n","protected":false},"excerpt":{"rendered":"<p>Region M\u011bstsk\u00e1 knihovna VRATIMOV vykon\u00e1v\u00e1 region\u00e1ln\u00ed funkce knihovn\u00e1m obc\u00ed Regionu Slezsk\u00e1 br\u00e1na. Region\u00e1ln\u00ed funkce zahrnuj\u00ed poradensk\u00e9 a koordina\u010dn\u00ed slu\u017eby, budov\u00e1n\u00ed v\u00fdm\u011bnn\u00fdch soubor\u016f knihovn\u00edch dokument\u016f a vykon\u00e1vaj\u00ed nezbytn\u00e9 \u010dinnosti napom\u00e1haj\u00edc\u00ed rozvoji knihoven. Program podpory zaji\u0161t\u011bn\u00ed v\u00fdkonu region\u00e1ln\u00edch funkc\u00ed byl schv\u00e1len usnesen\u00edm &hellip; <a href=\"https:\/\/oprechtice.knihovna.info\/?page_id=107\">Cel\u00fd p\u0159\u00edsp\u011bvek <span class=\"meta-nav\">&rarr;<\/span><\/a><\/p>\n","protected":false},"author":1,"featured_media":0,"parent":0,"menu_order":0,"comment_status":"closed","ping_status":"closed","template":"","meta":{"ngg_post_thumbnail":0,"footnotes":""},"class_list":["post-107","page","type-page","status-publish","hentry"],"_links":{"self":[{"href":"https:\/\/oprechtice.knihovna.info\/index.php?rest_route=\/wp\/v2\/pages\/107","targetHints":{"allow":["GET"]}}],"collection":[{"href":"https:\/\/oprechtice.knihovna.info\/index.php?rest_route=\/wp\/v2\/pages"}],"about":[{"href":"https:\/\/oprechtice.knihovna.info\/index.php?rest_route=\/wp\/v2\/types\/page"}],"author":[{"embeddable":true,"href":"https:\/\/oprechtice.knihovna.info\/index.php?rest_route=\/wp\/v2\/users\/1"}],"replies":[{"embeddable":true,"href":"https:\/\/oprechtice.knihovna.info\/index.php?rest_route=%2Fwp%2Fv2%2Fcomments&post=107"}],"version-history":[{"count":4,"href":"https:\/\/oprechtice.knihovna.info\/index.php?rest_route=\/wp\/v2\/pages\/107\/revisions"}],"predecessor-version":[{"id":466,"href":"https:\/\/oprechtice.knihovna.info\/index.php?rest_route=\/wp\/v2\/pages\/107\/revisions\/466"}],"wp:attachment":[{"href":"https:\/\/oprechtice.knihovna.info\/index.php?rest_route=%2Fwp%2Fv2%2Fmedia&parent=107"}],"curies":[{"name":"wp","href":"https:\/\/api.w.org\/{rel}","templated":true}]}}

<div id="layout_type" class="yjsgsitew">
<div id="centerbottom" class="centered yjsgsitew">
<div id="holder" class="holders">
<div id="midblock" class="sidebars sidebar-main">
<div class="inside-container">
<div class="yjsgarticle">
<h1 class="article_title"><a class="contentpagetitle" href="http://www.knihovna-paskov.cz/region">Region </a></h1>
<div class="newsitem_text">
<p><a href="http://www.knihovna-vratimov.cz/"> Městská knihovna VRATIMOV</a> vykonává regionální funkce knihovnám obcí <a href="http://www.slezskabrana.cz/index.php">Regionu Slezská brána</a>. Regionální funkce zahrnují poradenské a koordinační služby, budování výměnných souborů knihovních dokumentů a vykonávají nezbytné činnosti napomáhající rozvoji knihoven.</p>
<p>Program podpory zajištění výkonu regionálních funkcí byl schválen usnesením vlády č.68 ze dne 16.1. 2002. V souladu s kulturní politikou vlády České republiky je základním cílem programu zajištění všeobecné dostupnosti veřejných knihovnických a informačních služeb občanům a podpora účelné dělby práce a koordinace odborných činností knihoven. Program vychází z koncepce zákona č. 257/2001 Sb., o knihovnách a podmínkách provozování veřejných knihovnických a informačních služeb (<a href="http://knihovnam.nkp.cz/sekce.php3?page=03_Leg/01_LegPod/01_index.htm#knihz">knihovní zákon</a>).</p>
<p>Výkon regionálních funkcí se opírá o základní dokument Zásady zajištění výkonu regionálních funkcí v <a href="http://www.msk.cz/cz/kultura/regionalni-funkce-knihoven-42024/">Moravskoslezském kraji</a>, kam přešlo v roce 2005 jejich financování.</p>
<p>Pověřená knihovna uzavírá každoročně s <a href="http://www.svkos.cz/">Moravskoslezskou vědeckou knihovnou v Ostravě, příspěvkovou organizací</a>, „Smlouvu o přenesení regionálních funkcí z krajské knihovny na pověřenou knihovnu“ a další smlouvu uzavírá s Moravskoslezským krajem, a to „Smlouvu o poskytnutí dotace z rozpočtu kraje na výkon regionálních funkcí.</p>
<p><strong>Služby, které naše pověřená knihovna zajišťuje v rámci výkonu RF pro základní knihovny:</strong></p>
<ul>
<li>poradenská a konzultační činnost</li>
<li>vzdělávání zaměstnanců, pořádání seminářů</li>
<li>tvorba, distribuce a oběh výměnných souborů (přehled o výměnném KF je v <a title="Online katalog středisko Vratimov" href="http://strediskovratimov.knihovny.net/katalog/baze.htm" target="_blank" rel="noopener">ON-LINE katalogu</a>)</li>
</ul>
<ul>
<li>pomoc při revizi a aktualizaci KF</li>
<li>shromažďování a evidence statistických údajů</li>
<li>zajištění servisních služeb AKS (pouze v částech, které jsou využívány k plnění regionálních funkcí v základních knihovnách.</li>
</ul>
<p><strong>V rámci našeho regionu tyto služby využívají:</strong></p>
<p>&nbsp;</p>
<p>Profesionální knihovny:</p>
<p><a title="MEK VRATIMOV" href="http://www.knihovna-vratimov.cz/" target="_blank" rel="noopener">Městská knihovna VRATIMOV</a></p>
<p><a href="http://www.knihovna-paskov.cz/">Místní knihovna PASKOV</a></p>
<p><a title="MK ŘEPIŠTĚ" href="http://www.knihovna-repiste.cz/" target="_blank" rel="noopener">Místní knihovna ŘEPIŠTĚ</a></p>
<p><a title="MK Žabeň" href="http://www.knihovna-zaben.cz/" target="_blank" rel="noopener">Místní knihovna ŽABEŇ</a></p>
<p>&nbsp;</p>
<p><a title="Knihovna Horní Datyně" href="http://www.hornidatyne.knihovna.info/" target="_blank" rel="noopener">Místní knihovna HORNÍ DATYNĚ</a></p>
<p><a title="Knihovna Oprechtice" href="http://www.oprechtice.knihovna.info/" target="_blank" rel="noopener">Místní knihovna OPRECHTICE</a></p>
<p><strong>Legislativa a odkazy k problematice regionálních funkcí:</strong></p>
<p><a title="Národní knihovna ČR" href="http://knihovnam.nkp.cz/sekce.php3?page=10_RegFceRozc.htm" target="_blank" rel="noopener">Národní knihovna ČR </a></p>
<p><a title="Moravskoslezská vědecká knihovna Ostrava" href="http://www.svkos.cz/" target="_blank" rel="noopener"> Moravskoslezská vědecká knihovna v Ostravě, příspěvková organizace</a></p>
<p><a href="http://www.msk.cz/cz/kultura/regionalni-funkce-knihoven-42024/">Regionální fondy jsou financovány z rozpočtu Moravskoslezského kraje</a></p>
</div>
</div>
</div>
</div>
</div>
</div>
</div>

<p>Region Městská knihovna VRATIMOV vykonává regionální funkce knihovnám obcí Regionu Slezská brána. Regionální funkce zahrnují poradenské a koordinační služby, budování výměnných souborů knihovních dokumentů a vykonávají nezbytné činnosti napomáhající rozvoji knihoven. Program podpory zajištění výkonu regionálních funkcí byl schválen usnesením &hellip; <a href="https://oprechtice.knihovna.info/?page_id=107">Celý příspěvek <span class="meta-nav">&rarr;</span></a></p>
