
{"id":5,"date":"2012-01-10T19:37:16","date_gmt":"2012-01-10T19:37:16","guid":{"rendered":"http:\/\/www.knihovna.info\/xxxx\/?page_id=5"},"modified":"2017-04-24T10:27:11","modified_gmt":"2017-04-24T10:27:11","slug":"kontakt","status":"publish","type":"page","link":"https:\/\/oprechtice.knihovna.info\/?page_id=5","title":{"rendered":"Kontakt"},"content":{"rendered":"<p>M\u00edstn\u00ed knihovna OPRECHTICE<\/p>\n<p>\u010d. p. 40<\/p>\n<p>739 21&nbsp; Paskov<\/p>\n<p>e-mail: knihovna.oprechtice@seznam.cz<\/p>\n<p>&nbsp;GPS: 49.7243178N, 18.2663675E<\/p>\n<p>knihovnice: Marie Sta\u0148kov\u00e1<\/p>\n<p>SIGLA: FMG524<\/p>\n<p>eviden\u010dn\u00ed \u010d\u00edslo: 00111\/2002<\/p>\n<p><a href=\"https:\/\/mapy.cz\/zakladni?x=18.2663676&amp;y=49.7241166&amp;z=17&amp;source=addr&amp;id=10916423&amp;q=Oprechtice%2040\">MAPY.CZ<\/a><\/p>\n<table>\n<tbody>\n<tr>\n<td>\n<p>&nbsp;<\/p>\n<\/td>\n<td>&nbsp;<\/td>\n<\/tr>\n<tr>\n<td>&nbsp;<\/td>\n<td>&nbsp;<\/td>\n<\/tr>\n<\/tbody>\n<\/table>\n<p>&nbsp;<\/p>\n<p>&nbsp;<\/p>\n","protected":false},"excerpt":{"rendered":"<p>M\u00edstn\u00ed knihovna OPRECHTICE \u010d. p. 40 739 21&nbsp; Paskov e-mail: knihovna.oprechtice@seznam.cz &nbsp;GPS: 49.7243178N, 18.2663675E knihovnice: Marie Sta\u0148kov\u00e1 SIGLA: FMG524 eviden\u010dn\u00ed \u010d\u00edslo: 00111\/2002 MAPY.CZ &nbsp; &nbsp; &nbsp; &nbsp; &nbsp; &nbsp;<\/p>\n","protected":false},"author":1,"featured_media":0,"parent":0,"menu_order":0,"comment_status":"closed","ping_status":"closed","template":"","meta":{"ngg_post_thumbnail":0,"footnotes":""},"class_list":["post-5","page","type-page","status-publish","hentry"],"_links":{"self":[{"href":"https:\/\/oprechtice.knihovna.info\/index.php?rest_route=\/wp\/v2\/pages\/5","targetHints":{"allow":["GET"]}}],"collection":[{"href":"https:\/\/oprechtice.knihovna.info\/index.php?rest_route=\/wp\/v2\/pages"}],"about":[{"href":"https:\/\/oprechtice.knihovna.info\/index.php?rest_route=\/wp\/v2\/types\/page"}],"author":[{"embeddable":true,"href":"https:\/\/oprechtice.knihovna.info\/index.php?rest_route=\/wp\/v2\/users\/1"}],"replies":[{"embeddable":true,"href":"https:\/\/oprechtice.knihovna.info\/index.php?rest_route=%2Fwp%2Fv2%2Fcomments&post=5"}],"version-history":[{"count":9,"href":"https:\/\/oprechtice.knihovna.info\/index.php?rest_route=\/wp\/v2\/pages\/5\/revisions"}],"predecessor-version":[{"id":118,"href":"https:\/\/oprechtice.knihovna.info\/index.php?rest_route=\/wp\/v2\/pages\/5\/revisions\/118"}],"wp:attachment":[{"href":"https:\/\/oprechtice.knihovna.info\/index.php?rest_route=%2Fwp%2Fv2%2Fmedia&parent=5"}],"curies":[{"name":"wp","href":"https:\/\/api.w.org\/{rel}","templated":true}]}}